 - 71. What is the tens digit of i(-16)?
2
Let w(p) = p**2 - 4*p - 2. Let u be w(5). Let q(n) = -10*n + 11. Let o(k) = 10*k - 12. Let s(y) = -4*o(y) - 5*q(y). What is the tens digit of s(u)?
2
Suppose -2*r - 2*c = 180, -3*r - 270 = -0*r + c. Let z = r + 149. What is the tens digit of z?
5
Let n be 2 + -2 + (1 - 1). What is the units digit of (n - 1)*576/(-8)?
2
What is the tens digit of 31/4*322*(-14)/(-49)?
1
Suppose 27 = 5*v - 13. What is the tens digit of (v/10)/(14/805)?
4
Suppose -2*i - 20 = 4*z, -5*i + 3*z = 29 + 60. What is the units digit of (255/(-34))/(6/i)?
0
Let b(c) = -7*c**2 - c - 23. Let y(o) = 13*o**2 + 2*o + 45. Let r(u) = 11*b(u) + 6*y(u). Suppose -f = -6*f. What is the tens digit of r(f)?
1
Let q(g) = g**2 + 5*g - 2. Let j be (-10)/15*81/6. What is the units digit of q(j)?
4
Let c(k) = -k**2 + 47*k + 11. What is the hundreds digit of c(12)?
4
Let u(k) = -k + 8. Let s be u(6). Suppose 0 = 3*x - 2*w + s, -3*x + 7 + 3 = w. Suppose -4*c + 4*v = -60, x*v = v - 2. What is the units digit of c?
3
Let r(i) = 3*i**2 + 81*i + 211. What is the units digit of r(-43)?
5
Suppose 148 = -15*b + 1408. What is the units digit of b?
4
Let a be (-23)/(-5) - 30/50. Suppose 2*l = 2*m - 3*l - 11, 52 = 4*m - 4*l. Suppose -2*d + i + 0*i = -21, 2*d - m = a*i. What is the units digit of d?
1
Let r(n) = -14*n - 4. Let v be r(-21). Suppose 46 - v = -2*s. What is the tens digit of s?
2
Let j = -23 + 11. Let x = j + 8. What is the tens digit of ((-6)/x)/(12/88)?
1
Let a(n) = 8*n**2 + 2*n - 1. Let g(h) = 8*h**2 + 3*h. Let q(w) = 3*a(w) - 2*g(w). Suppose c + 23 = 10*d - 15*d, -3*c = 5*d + 29. What is the tens digit of q(c)?
6
Let t(s) = -4*s**2 - 6*s + 3. Let r be t(-12). Let x = r - -704. What is the units digit of x?
3
Let d(c) = -3995*c**3 + 6*c**2 + 5*c. What is the tens digit of d(-1)?
9
Suppose 5*v - 3*r = -11, -9 = 4*v + 3*r + 16. Suppose -p + 26 = -13. What is the units digit of v/26 - (-396)/p?
0
Let q = 31 + 98. Suppose -q = 3*j + 39. Let m = j - -78. What is the tens digit of m?
2
Let c = 31 - 26. Let f be ((-9)/(-2))/(12/112). Suppose -c*l = -f - 3. What is the units digit of l?
9
Suppose f - 2 = 5. Suppose -5*c + f - 12 = 0. Let i(o) = -13*o. What is the tens digit of i(c)?
1
Let u be 32/6 - 42/(-63). Suppose -2*i + 1744 = u*i. What is the units digit of i?
8
Let r = -3974 - -5917. What is the thousands digit of r?
1
Suppose 0 = -2*u + 4*u - 96. Suppose 5*z - u = 52. What is the tens digit of z?
2
Let n = -17 + -19. Let m = n - -110. What is the tens digit of m?
7
Suppose -62663 = -34*c + 37025. What is the tens digit of c?
3
Let x = 3 + 1. Suppose -n = 3*o + n - 10, 5*n = -x*o + 18. Suppose -o*v = v - 60. What is the tens digit of v?
2
Suppose -128*z = -126*z - 1564. What is the units digit of z?
2
Let q = 8 - 6. Suppose -15 = -3*n, -q*w - 17 = -w - 3*n. What is the tens digit of (w/(-4))/(2/92)?
2
Let i be (2/1)/(40/100). Let r(m) = 3*m**2 - 9*m + 12. Let t be r(i). What is the tens digit of ((-136)/(-51))/(4/t)?
2
Let n = 82 + -77. Suppose -917 - 173 = -n*p. What is the tens digit of p?
1
Let o = 7162 + -2844. What is the tens digit of o?
1
Suppose -b - 5*s - 7 + 86 = 0, -5*b = -3*s - 451. Let p = b - 58. What is the tens digit of p?
3
Let x = -26 - -34. What is the tens digit of (-8)/32 - 22/x - -70?
6
What is the hundreds digit of (892/(-3))/((-1)/3)?
8
Let q(x) be the third derivative of -2/3*x**3 + 0*x + 3*x**2 - 1/6*x**4 + 0. What is the units digit of q(-12)?
4
Let j = -7 + 12. Suppose j - 3 = f. Suppose -75 = -7*b + f*b - 5*c, c + 57 = 3*b. What is the units digit of b?
8
Suppose 0 = 9*n + 3 - 48. What is the units digit of 68*((-15)/(-12) - 1)*n?
5
Suppose -q + 5*i = 2, -q - 2 + 0 = -4*i. What is the units digit of q + 4 + 46 + 2?
0
Let n(z) = z**2 - 12*z - 19. Let q = 15 - 9. Suppose -75 = -q*b + b. What is the units digit of n(b)?
6
Suppose 0 = -5*b - 6 + 1. Let d = -9 - b. Let h = d - -12. What is the units digit of h?
4
Let a be (2 - 18/3)*1. Let m(t) = -8*t - 2. Let x be m(a). Suppose -2*l + 2*c + x = 4, l - 37 = -5*c. What is the units digit of l?
7
Suppose -754 + 4100 = 7*r. What is the units digit of r?
8
Let q = 20 - 20. Suppose -u + 5 = q, 5*b - 3*u = 377 - 97. What is the units digit of b?
9
What is the tens digit of ((-51396)/240 + 2/5)*-4?
5
Let i = 1156 - 361. What is the tens digit of i?
9
Suppose -300 = -5*h + 5*x, -94 = -3*h - 4*x + 100. What is the tens digit of h?
6
Suppose 18 = -2*d + 8*d. Suppose -2*a = 2*t - 86 - 164, -d*a = -2*t - 350. Suppose -8*j + a = -5*j. What is the units digit of j?
0
Let t = -37 + 54. Suppose -3*o = -t*o + 196. What is the units digit of o?
4
Let h be 3*(-1 - 5/(-3)). Suppose 7*u = h*u + 15. Suppose u*r - r = 58. What is the tens digit of r?
2
Suppose -5*n = -2*a - 2*n, 3*n = -a. Let u be (0 - 1)/((-1)/107). Suppose 2*b - u + 13 = a. What is the units digit of b?
7
Let p(s) = 2310*s**3 + s**2 + 15*s - 15. What is the thousands digit of p(1)?
2
Suppose -3*h - 1 - 2 = 0, -h = x - 2. Let f(t) = 35*t - 3. What is the units digit of f(x)?
2
Let r = -16 - -9. Let j be 72/21 + 3/r. Suppose 4*c = -d + 3 + 21, -j*c + 6 = 0. What is the units digit of d?
6
Let r(n) = 6*n**2 + n + 4. Suppose k + 9 - 7 = 0. What is the tens digit of r(k)?
2
Let n(g) = 12*g**3 + 5*g - 1. Let d(h) = -5*h**3 - 2*h. Let y(f) = -5*d(f) - 2*n(f). Let x = -1 - -1. What is the units digit of y(x)?
2
Let v = 182 + -108. Let k = 137 - v. What is the tens digit of k/2*252/147?
5
Let f = -49 - -27. What is the units digit of (f/(-8))/(((-7)/32)/(-7))?
8
Let a(v) = 17 - v + 7*v + 5*v**2 - 7. What is the tens digit of a(-5)?
0
Suppose -n - 2*n + 165 = s, 4*n - 163 = -s. What is the tens digit of (-722)/(-9) + (-38)/s?
8
Suppose -3*t = -o + 5*o - 8, -5*t + 8 = 4*o. Suppose 0 = 4*m - t*m. Suppose m = 2*i + 2*h - 57 + 15, i + 4*h = 27. What is the units digit of i?
9
Let v(h) = -57*h + 106. What is the tens digit of v(-7)?
0
Let r(m) = m**3 + 17*m**2 + 5*m - 36. What is the tens digit of r(-16)?
4
Suppose -s - 11 = -3*s + t, -2*t + 8 = 2*s. Suppose -64 = -s*n + 4*n. What is the units digit of n?
4
Suppose 5*s = -k + 600, 4*s - k = 41 + 439. What is the units digit of s?
0
Let g(l) = -387*l**3 + l**2 - l - 4. What is the tens digit of g(-2)?
9
Let c(g) = -g**3 - 9*g**2 + g + 12. Let d be c(-9). What is the tens digit of (-1)/d - ((-260)/(-3))/(-2)?
4
Let o = -20 + -2. Let a = o - -26. Suppose 0 = 2*t + 2, -p + a*p = t + 112. What is the tens digit of p?
3
Let j be -72*(-45)/35 - (-6)/14. Suppose j = -3*k + 6*k. What is the tens digit of k?
3
Let h(x) = x**2 - 7*x - 6. Let q = -22 + 30. Let d be h(q). Suppose -2*g - y + 175 = 3*g, g - 26 = -d*y. What is the units digit of g?
6
Suppose 0 = -18*i + 77 - 23. What is the units digit of i?
3
Suppose 3*j + 4505 = 2*u - 4431, -2*u + j + 8944 = 0. What is the units digit of u?
4
Let f = 3766 + -923. What is the tens digit of f?
4
Suppose -3*n = 28 - 130. Let w = n - 29. Let j = 57 - w. What is the tens digit of j?
5
Let k be (4 - 7)*4/(-6). Suppose p + 0 = -4*x - k, -4*p = x - 7. What is the units digit of p?
2
What is the tens digit of (30/4)/((-61)/(-122))?
1
Suppose 20 = 5*m - b - 3*b, -4*m + 3*b = -15. Suppose 3*o + 4*l - 173 - 6 = 0, m = -2*o - 5*l + 110. What is the units digit of o?
5
Suppose -2*p - 3196 = -5*c, -4*c + p = -2*p - 2554. What is the units digit of c?
0
What is the units digit of -5*(-6)/30*48?
8
Let g(t) = 36*t**2 - 55*t - 296. What is the hundreds digit of g(-6)?
3
Suppose -8 = -2*r - 2. Suppose 0 = 2*t - 6, 0 = 5*p + 3*t - 11 - r. What is the units digit of 534/30 + p/5?
8
Let k(g) = -3*g + 27. Let n(t) = 3*t - 25. Let v be n(11). Let x(o) = 5*o - 40. Let h(d) = v*k(d) + 5*x(d). What is the units digit of h(6)?
2
Suppose 0 = 13*l - 17*l - 92. Let o(x) = -41*x. Let w be o(1). Let t = l - w. What is the tens digit of t?
1
Let d(b) = -236*b - 2. Let g be d(-1). Suppose -o + g = 2*o. Let n = o - 47. What is the units digit of n?
1
Suppose -5*r + 6 = -3*d + 5*d, -2*r = 0. Suppose 5*z = -4*c + 740, c = -3*c + d*z + 772. What is the units digit of c?
0
Suppose 3*h + 179 = -2*p, 0 = h + 4 - 3. Let x be (4 + 2)*p/(-16). What is the tens digit of x - (-2)/(1 + -3)?
3
Suppose 3*p = -2*l + 7, 7*p = 2*l + 4*p - 1. Suppose -1 - 9 = -l*q. Suppose -q*s + 214 + 136 = 0. What is t